ppose -4*d - m + 9 = 2*m, -v*m = -5*d - 12. Suppose 4*t - 4*z + d*z - 36 = 0, -3*z - 15 = 0. List the prime factors of t.
2
Let j = -668 - -791. What are the prime factors of j?
3, 41
Let h be 4*((-19)/(-4) + -4). Suppose -73 = -2*x - 0*i + 5*i, 9 = h*i. List the prime factors of x.
2, 11
Let o(u) = -2*u**3 + 27 - 10*u**2 - 14 - u + 3*u**3 + 3*u. Let y = 14 - 4. What are the prime factors of o(y)?
3, 11
Suppose 5*t = -117 - 673. List the prime factors of t/3*30/(-20).
79
Suppose -4*t - 20 = -4. Let m = t - -8. Suppose 5*z + 3*d = 72 + 40, -93 = -m*z + d. What are the prime factors of z?
23
Let l(v) be the third derivative of 0 + 0*v - 1/6*v**3 + 1/12*v**4 + 3*v**2. List the prime factors of l(2).
3
Let b be (1 + (-14)/2)*2/(-3). Suppose -b*d + 489 + 531 = 0. List the prime factors of d.
3, 5, 17
Let v(c) = -9*c + 11. Let b(f) = 10*f - 10. Let p(k) = -5*b(k) - 4*v(k). Let d be p(3). Let j = -12 - d. What are the prime factors of j?
2, 3
Let d(k) = 2*k + 46. Let o be d(14). Let j = o + -60. List the prime factors of j.
2, 7
Let b be (-22)/(-14)*-81 - 10/(-35). Let t = -68 - b. What are the prime factors of t?
59
Let r be 13 + -9 - (-1 + -102). Let v = r + 148. Suppose v = 5*d + 4*y, -4*d + 2*d + y + 115 = 0. What are the prime factors of d?
5, 11
Suppose 2*b - 52 - 94 = 0. Suppose -2*q - 29 = -b. What are the prime factors of q?
2, 11
Suppose 5*f - 25 = 0, 5*r - 3*f - f - 35 = 0. Let s = r + -41. Let b = 50 + s. List the prime factors of b.
2, 5
Let z(s) = 25*s**2 + 4*s - 9. Let v(a) = -a**3 - 7*a**2 - 13*a - 1. Let w be v(-4). What are the prime factors of z(w)?
2, 3, 19
What are the prime factors of (-14965)/(-35) + 9/21?
2, 107
Let h = -5 + 4. Let k be 3 + -14 - (-3)/h. List the prime factors of ((-6)/(-4))/((-7)/k).
3
Let z(k) be the first derivative of -k**3/3 + 9*k**2/2 - 4*k - 4. Let b = 6 - 0. List the prime factors of z(b).
2, 7
Suppose b - 20*b = 0. Suppose b = -2*z - 3*i + 169, -3*i - 97 = -4*z + 196. List the prime factors of z.
7, 11
Let w(f) = 2*f - 2. Let r(p) = 3*p - 4. Let i(y) = -2*r(y) + 5*w(y). Let u be i(1). Suppose 2*x = -u*x + 164. List the prime factors of x.
41
Let g be 3 + 3 - (-4 - -7). Suppose 2*t = g*p - 23, -5*p + 2*t + 45 = -3*t. Suppose -2*h + 33 = p. List the prime factors of h.
2, 7
Suppose 2*d + 2*d = -5*w - 34, 5*d + 20 = 5*w. Let b(r) = -11*r + 3. What are the prime factors of b(d)?
3, 23
What are the prime factors of (-28)/(-35) - 2/(-10) - -815?
2, 3, 17
Let u(w) = w**2 - 8*w + 11. Let l be u(7). Suppose -g = 4*z - 4 - 5, -l*g + 4*z = -16. Suppose 117 = g*n - 33. What are the prime factors of n?
2, 3, 5
Let v be 16 + -1 + 6/2. Suppose 166 = 4*r - v. List the prime factors of r.
2, 23
Suppose 2*t = -2*t. Let n = -7 - t. Let w(v) = v**3 + 7*v**2 - v + 3. List the prime factors of w(n).
2, 5
Suppose 0 = 21*r - 19*r + 88. Let y = r + 46. List the prime factors of y.
2
Let k = 79 - 127. Let l = k - -88. List the prime factors of l.
2, 5
Let a(y) = -y**2 - 6*y - 4. Let x be a(-4). Let d be (1 - x)/(12/(-20)). Suppose -2*h + 4*w = w - 14, -35 = -d*h + 3*w. What are the prime factors of h?
7
Suppose 0*o = -2*o + 4. Let a be o - (-3 - -2)*10. Suppose -y + 2*x - 3*x + a = 0, -4*y + 8 = -4*x. List the prime factors of y.
7
Let d(h) = 91*h + 184. List the prime factors of d(7).
821
Suppose -20*j + 28158 + 26382 = 0. List the prime factors of j.
3, 101
Let i(j) = -j - 2. Let c(a) = 2*a + 3. Let r(p) = 3*c(p) + 5*i(p). Let z = -28 + 44. List the prime factors of r(z).
3, 5
Let j(w) = -w**2 + 11*w - 11. Let m be j(11). Let b = -17 - m. What are the prime factors of -6*27/b + -3?
2, 3
What are the prime factors of (22/4)/(3/648)?
2, 3, 11
Suppose 5491 = 37*m - 9864. List the prime factors of m.
5, 83
Let j = 2070 - -109. What are the prime factors of j?
2179
Suppose -2*k + 0*b = 3*b - 225, 0 = k - 4*b - 118. List the prime factors of k + (-4 - -2 - 0).
2, 7
Suppose 5 = 11*q - 12*q. Let p(n) = 10*n**2 - 6*n + 6. List the prime factors of p(q).
2, 11, 13
Let w(i) be the first derivative of i**2 + 9*i + 6. Let v be w(-6). List the prime factors of -1 + (-65 + 2)/v.
2, 5
Suppose 20*x + 664 = 21*x. What are the prime factors of x?
2, 83
Suppose -192 = -3*q + 99. Suppose q + 75 = 2*g. What are the prime factors of g?
2, 43
Suppose 1 = 3*l - 4*l - 3*u, u + 7 = l. Suppose -l*o - 49 = 3*g, 8 = -3*g + 4*o - 50. What are the prime factors of (g/(-3))/(6/16)?
2
Let f(t) = 5*t**2 - 3*t + 4. Suppose 3*q + 4*j = -25, q = -q - 5*j - 26. List the prime factors of f(q).
2, 29
Let p(t) = 4*t + 22. Suppose 0 = 4*l - 7*l + 30. What are the prime factors of p(l)?
2, 31
Let j = -31 + 121. Let h = 172 - j. Let s = h - 51. What are the prime factors of s?
31
Let t be (172/6)/((-2)/(-3)). Suppose 4*x + 3*m - 264 = 0, -x + 40 = 5*m - t. What are the prime factors of x?
3, 7
List the prime factors of (-1 - 2*(-15)/12)*334.
3, 167
Let n(w) = -w**2 + 12*w - 9. Let d be n(11). Suppose 5*z = -d*r + 762 - 180, -4*r - 112 = -z. What are the prime factors of z?
2, 29
Let z(j) be the second derivative of j**6/360 - j**5/12 - j**4/6 - 9*j. Let p(k) be the third derivative of z(k). What are the prime factors of p(11)?
2, 3
Let s(o) = o**3 - 10*o**2 + 8*o + 11. Let d be s(9). Suppose -5 = -x + 3*c, d*c = 4*x + 23 - 63. Let f = 10 + x. What are the prime factors of f?
3, 7
Suppose -4*i - 2*o - 1 - 15 = 0, 3*i + 4*o = -12. Let l(j) = -17*j - 15. What are the prime factors of l(i)?
53
Let c be 25/35 - 2/(-7). List the prime factors of c/3 - (-7 - 1624/24).
3, 5
List the prime factors of -4*(-3)/(-6)*-1 - -676.
2, 3, 113
Let c = 121 + -29. Suppose c*x - 93*x + 245 = 0. List the prime factors of x.
5, 7
Suppose -13*g + 1102 = -15*g. Let f = g - -807. What are the prime factors of f?
2
Suppose 0 = -3*q - g + 455, 0 = 2*q + g - 237 - 66. Suppose 5*l = -3*f + 376, 0*l - q = -2*l - 2*f. What are the prime factors of l?
2, 37
Let g(t) = -3*t**3 - 30*t**2 + 35*t - 62. What are the prime factors of g(-16)?
2, 1993
Suppose 0 = -4*r + 8*r + 8. Let j be (-3)/((-4)/(r + -10)). List the prime factors of 460/12 + 3/j.
2, 19
Suppose -15*o - 4 = -17*o. Suppose -o*m - 297 = -6*m + 3*q, -5*m - 2*q + 354 = 0. List the prime factors of m.
2, 3
Suppose 2*z - 6*z = -364. What are the prime factors of z?
7, 13
Let q(y) = y**2 + 2*y - 4. Let c be q(-4). Suppose 0*k = -2*k - d + 5, c*k - d = -5. Suppose 5*j - 175 = -k*j. List the prime factors of j.
5, 7
Let i(s) = 140*s - 937. What are the prime factors of i(20)?
3, 23
Suppose 6*k - 1692 - 156 = 0. List the prime factors of k.
2, 7, 11
Suppose -3*q - q = 8, q = 5*b - 1022. What are the prime factors of 0 + (8/2 - 3) + b?
5, 41
Let b = -3 - -5. Let h(n) = 2 + 0 - 4 - 1 + b*n. List the prime factors of h(9).
3, 5
Let s(u) = 19*u**3 + 2*u**2 - 3*u - 3. List the prime factors of s(2).
151
Let r(x) = -x**2 - 6*x - 2. Let s(i) = 3*i**2 + 3 - 5 - 4*i**2 + 6*i + 4. Let a be s(7). What are the prime factors of r(a)?
3
Let n = 7 - 4. Let l be 3/((-2)/((-4)/n)). Suppose 0 = -l*a - 2 - 6, -13 = -y - 2*a. What are the prime factors of y?
3, 7
Suppose s = -7*s + 2888. What are the prime factors of s?
19
Suppose -4*v - t + 1 = 0, 5*v = 2*t - 0*t - 2. Suppose v = -8*l + l + 581. What are the prime factors of l?
83
Suppose 4*j + 4 = -2*a + 28, 4*j = -8. Suppose 4*v = -a, 81 = 6*b - b - 4*v. Let t(f) = -f**2 + 12*f + 15. List the prime factors of t(b).
2
Let s(y) be the third derivative of 0*y + 0 + 3*y**2 - 1/6*y**3 + 5/24*y**4. List the prime factors of s(1).
2
Let f = -39 - -23. Let j = f + 28. List the prime factors of j.
2, 3
Let d = -123 + 287. List the prime factors of d.
2, 41
Suppose -8 - 4 = -2*w - 2*j, 0 = w - 2*j + 6. Suppose 5*t + 4*k = 904, -3*k + 125 = -w*t + 482. Suppose -3*c = c - t. What are the prime factors of c?
3, 5
Let v(l) = -6*l**2 + 20*l - 19. Let b(m) = m**2 - 4*m + 4. Let h(d) = -11*b(d) - 2*v(d). List the prime factors of h(-8).
2, 13
List the prime factors of -3*(2312/12)/(-2) - -2.
3, 97
Let c = -93 + 165. Suppose 4*j = 2*j + c. What are the prime factors of j?
2, 3
Suppose 22*m - 3328 = 302. List the prime factors of m.
3, 5, 11
Let i(r) = r**3 - 10*r**2 + r - 4. Let n be i(10). Suppose -n*a + 40 = -5*a. List the prime factors of a.
2, 5
Let h = 192 + -64. Suppose 28*i + h = 32*i. What are the prime factors of i?
2
Supp